3*f - 4 + 14 = 2*u. Calculate the remainder when 7 is divided by u.
2
Suppose -3*v - 2*v + 215 = 0. Suppose -2*t + 17 = -0*t - 5*l, 38 = 3*t + 5*l. Calculate the remainder when v is divided by t.
10
Let a = -1 - -10. What is the remainder when 7 + (-2 - 1) + 18 is divided by a?
4
Suppose 6*z + 146 = 992. What is the remainder when z is divided by 13?
11
Let m(l) = 2*l - 14. Suppose 0 + 10 = 5*t. Suppose -g = 2, -t*i + 2*g - 3*g + 22 = 0. Calculate the remainder when 27 is divided by m(i).
7
Suppose -5*y + 3*z = 0, -2*y - 2*y + 2*z = -2. Suppose 0 = -y*m + 23 + 13. Calculate the remainder when 34 is divided by m.
10
Suppose 5*m + 13 = -3*a - 232, 4*m + 164 = 4*a. Let u = m - -70. Suppose 0 = 3*n - 5*n + 18. Calculate the remainder when u is divided by n.
6
Suppose 27 = 2*q - 5*x, -3*q - 3*x + 0 = 12. Suppose -y + q = -3. Suppose -4*w - j - 4*j = 0, -5*j - 25 = -w. What is the remainder when w is divided by y?
1
Suppose -k - 8 + 25 = 0. What is the remainder when 31 is divided by k?
14
Let p(w) = 3*w - 7. Calculate the remainder when 85 is divided by p(12).
27
Let x(j) be the second derivative of 5*j**4/12 - j**3/3 + j**2/2 - 2*j. Let f be x(1). What is the remainder when 13 is divided by f/(-10) + 81/15?
3
Suppose 2*g = 97 + 25. Suppose y - 6 = 3*y. Calculate the remainder when g is divided by (-9 + y)*(-14)/8.
19
Suppose 0 = 5*y - z - 64, 2*z + 66 = 5*y + 3*z. Calculate the remainder when y is divided by 6.
1
Suppose 0 = -4*n + 24 + 132. Suppose b = x + 20, -3*b + 5*x = -n - 11. What is the remainder when b is divided by 14?
11
Let h = 120 + -90. Suppose 2*p + 235 = 4*p - y, -5*y = 5. Calculate the remainder when p is divided by h.
27
Suppose 0 = -3*y, -2*c - 4 = -y - 2. Let b = c + 5. Let m = b + 0. Calculate the remainder when 10 is divided by m.
2
Suppose -a - 4*a - 77 = -2*u, 0 = 4*u - 5*a - 159. Suppose j - y - 19 = 0, -6*j + j = 4*y - 50. Calculate the remainder when u is divided by j.
13
Calculate the remainder when 3/15 + 176/20 is divided by 4.
1
Suppose 0 = 5*h - l + 62, 5*h = h - l - 55. Let g = h + 23. What is the remainder when 35 is divided by 182/g + (-2)/10?
17
Let p(f) = 2*f**2 + 3*f - 12. What is the remainder when p(-5) is divided by 13?
10
Suppose 4*p + 38 = 3*g - g, 2*g + 25 = -3*p. Let v = p - -14. What is the remainder when 12 is divided by v?
2
Let u(l) = -6. Let c(q) = -q - 1. Let m(n) = 2*c(n) - u(n). Suppose 0 = -d - d + 36. Calculate the remainder when d is divided by m(-3).
8
Let r = -1 - -5. Suppose a + 10 = x, -2*a + 4*a - 10 = -r*x. Suppose 3*v = -x*h + v + 185, 4*v + 85 = 3*h. Calculate the remainder when h is divided by 12.
11
Suppose 8*r + 0*r - 96 = 0. Calculate the remainder when 20 is divided by r.
8
Let j(o) = 3*o**2 - 9*o + 7. Suppose 0 = 2*m - 7*m + 80. Calculate the remainder when j(6) is divided by m.
13
Let r(t) = -143*t**2 - 1. Let j be 3/(-4 + 1)*1. Let v be r(j). What is the remainder when 6/(-21) + v/(-14) is divided by 4?
2
Let f(g) = 2*g**3 + 5*g**2 + g + 1. Let y = -9 + 20. What is the remainder when y is divided by f(-2)?
2
Suppose -2*k - 57 = 29. Let l = -29 - k. Let g(z) = z**2 - 3*z - 2. What is the remainder when l is divided by g(5)?
6
Let a be (-163)/(-11) - (-4)/22. Let q = 35 - a. Suppose -u + 38 + q = 0. Calculate the remainder when u is divided by 20.
18
Let u = 4 - 1. Suppose u*b = 3 + 3. What is the remainder when 4 is divided by b?
0
Suppose 33 = -s - 12. Let z be 10/s + (-20)/(-9). Suppose m + 2*n = 11, n = 2*m - n + z. Calculate the remainder when 3 is divided by m.
0
Let x = 4 - 2. Suppose -h + 2 = -x. Suppose -v = 3*p - 101, p - 46 = h*v - 8. What is the remainder when p is divided by 12?
10
Suppose -6 = l - 49. Suppose 4 = -g + 19. What is the remainder when l is divided by g?
13
Suppose 3*c - 11 = 16. Suppose 16 + 7 = 5*f - u, -5*f - 2*u + 29 = 0. Calculate the remainder when c is divided by f.
4
Suppose -10*k = -6*k - 304. Suppose -k = -2*v + 4. What is the remainder when v is divided by (-2)/(-6) - 82/(-6)?
12
Calculate the remainder when 63 is divided by (-27)/45 - (-113)/5.
19
Let l(f) = 2*f**3 - 2*f**2 + 3*f - 3. Calculate the remainder when 161 is divided by l(3).
35
Let q = -35 - -84. Calculate the remainder when q is divided by 10.
9
Let d = -22 - -32. Calculate the remainder when 49 is divided by d.
9
Let l = 7 + -1. Suppose -3*z + z + 86 = 0. What is the remainder when z is divided by (2 - 7)/((-2)/l)?
13
Suppose -u = -2*z - 3 - 8, -4*u + 2*z = -32. What is the remainder when (-56)/(-3) - (-2)/(-3) is divided by u?
4
Let f(s) = -s + 6. Calculate the remainder when 20 is divided by f(0).
2
Let o be 249/(-12) - (-1)/(-4). Calculate the remainder when (-476)/o - 1/(-3) is divided by -6*((1 - 1) + -1).
5
Suppose -1 - 1 = -g. Suppose g*d = -3*d - 5*i - 20, -8 = -2*i. What is the remainder when ((-11)/4)/(2/d) is divided by 4?
3
Let c = 66 + 33. What is the remainder when c is divided by 25?
24
Suppose b = -0 + 3. Suppose -2*g - p - b*p + 30 = 0, 0 = -g + 5*p - 20. Suppose g*y - 77 = -27. What is the remainder when 18 is divided by y?
8
What is the remainder when (10/8)/(3/24) is divided by 3?
1
Let i = 6 - 4. Calculate the remainder when 48/27 - 2/(-9) is divided by i.
0
Let k = 1 - 28. Let v = -4 - k. What is the remainder when v is divided by 12?
11
Let z(k) = -k**3 + 9*k**2 + 10*k + 1. Let s be z(10). Suppose 2*x = -s + 3. Suppose 0 = 5*u - 2 - 3. What is the remainder when u is divided by x?
0
Let k = 0 + 3. Let b = 2 - k. Let d = b + 39. What is the remainder when d is divided by 13?
12
Let c be -2 + 1*12/2. Suppose -c*a + 31 = 3*d, -38 + 14 = -4*d - a. Calculate the remainder when d is divided by 3.
2
Suppose 0 = -4*h + 39 - 3. What is the remainder when 363/21 + 4/(-14) is divided by h?
8
What is the remainder when (-1)/((2/34)/(-1)) is divided by 9?
8
Suppose 0 = -4*b + 45 + 11. Let s be b/4 - (-1)/(-2). Suppose 0 = -s*t + 4*h + 9, -3*h = h - 12. Calculate the remainder when 13 is divided by t.
6
Let b be -1 - (-2 - (-99 - 0)). Calculate the remainder when 59 is divided by b/(-5) + (-6)/(-15).
19
What is the remainder when (15 - 27)*(-1 - 1) is divided by 3?
0
Suppose 5*l = 228 + 27. Let p = 39 - 26. What is the remainder when l is divided by p?
12
Let n(v) = 4*v + 2. Let u(j) = -17*j - 8. Let f(p) = -9*n(p) - 2*u(p). Let d = -1 + 2. Calculate the remainder when f(-2) is divided by d.
0
Suppose 0 = -0*b + 2*b - 5*x - 15, -3*b = x - 48. Calculate the remainder when 44 is divided by b.
14
Let p = -47 + 18. Let n = 44 + p. What is the remainder when 44 is divided by n?
14
Suppose 0*a = -5*a - 3*h + 10, -4*a + 3*h - 19 = 0. Let l be (-8)/(0 + -1 + a). Let q = 13 - l. What is the remainder when 17 is divided by q?
8
Let t(a) = a**3 - 7*a**2 + 6*a + 4. Let l be t(6). Suppose -p + 7 + l = 0. What is the remainder when p is divided by 4?
3
Let r = 137 - 37. Suppose -2*j - r = -4*j. Calculate the remainder when j is divided by 17.
16
What is the remainder when 10 + -2 - (-30)/(-10) is divided by (0 - -6) + 6 + -8?
1
What is the remainder when 476/10 + (-1)/((-30)/(-18)) is divided by 17?
13
Let l(w) = -37*w + 4. Let r(u) = 38*u - 3. Let g(a) = -4*l(a) - 5*r(a). What is the remainder when g(-1) is divided by 21?
20
Suppose 2*c - 2*a - 162 = -3*c, 3*c - 122 = -5*a. Suppose 4*i - 67 = -g, i - 2*g - 43 = 3*g. What is the remainder when c is divided by i?
16
Suppose 25*u - 6270 = 10*u. Calculate the remainder when u is divided by 30.
28
Suppose 3*u = 4*u - 33. Calculate the remainder when 65 is divided by u.
32
Let i(v) = -18*v + 3. What is the remainder when i(-2) is divided by 22?
17
Let x be (2 - (0 - -1)) + 55. Let b = -37 + x. Calculate the remainder when b is divided by (-2)/(-1) - 50/(-10).
5
Let w = -24 + 31. Calculate the remainder when 12 is divided by w.
5
Suppose 24 = r + 2*r. Suppose -o + r = -3. Suppose 4*x - 1 = 11. What is the remainder when o is divided by x?
2
Suppose 0 = 4*h + 8. Let d(j) = -j**3 + 2*j**2 + 3*j. Calculate the remainder when 29 is divided by d(h).
9
What is the remainder when 226 is divided by 3 + (4 - 9) - (-80)/2?
36
Suppose 2*s = f + 7, 3*f + 44 = -2*f + s. Let b = f - -18. What is the remainder when 33 is divided by b?
6
Let n = 83 - 30. Let y = -8 - -26. What is the remainder when n is divided by y?
17
Suppose -4*c + 5*u + 48 = 0,